hen 1945*(-2)/(-5) - 5 is divided by 4.
1
Suppose 1716 = 89*m - 776. Calculate the remainder when 164 is divided by m.
24
Let m(f) = 5*f**3 - 6*f**2 + 3*f + 1. What is the remainder when 180 is divided by m(2)?
19
Suppose 11*z = -78 + 441. Let a(i) = i**2 + 9*i + 9. What is the remainder when z is divided by a(-9)?
6
Let j be -2*(-5)/(-10) - (-5)/1. Suppose h - 101 = -3*v, 364 = 4*h - 2*v + j*v. What is the remainder when h is divided by 24?
17
Suppose 495 = 3*p - 0*p. Suppose q = -2*q + p. Suppose 817 = 75*z - 1283. Calculate the remainder when q is divided by z.
27
Suppose -3*o - 52 = 4*u, -2*u = 5*o - 7*u + 40. What is the remainder when (2 + 608/6)*o/(-10) is divided by 18?
16
Suppose 4*w - 1 = -9, r - 5*w - 73 = 0. Let a = r - 35. What is the remainder when 81 is divided by a?
25
Let f(x) = -x**2 + 24*x - 39. Let u be f(22). Suppose 3*d - 202 = -2*c, -80 = -u*c + d + 442. Calculate the remainder when c is divided by 35.
34
Calculate the remainder when (-5 - (-7 - -3))/(4/(-292)) is divided by 16.
9
Let v = -1970 + 2013. What is the remainder when 82 is divided by v?
39
Let t = -984 - -1009. What is the remainder when 69 is divided by t?
19
Let f(o) = 7*o - 6. Let r(h) = -20*h + 16. Let n(p) = -11*f(p) - 4*r(p). Calculate the remainder when 48 is divided by n(8).
22
Let f(y) = y + 75. What is the remainder when f(22) is divided by 25?
22
Let u(l) = 5*l**3 + 12*l**2 - 2 - 7*l**3 + 12 + 3*l**3 + 5*l. Calculate the remainder when u(-11) is divided by 40.
36
Let p be 5/(-4) + 1 + 2898/(-24). Let z = p - -230. Calculate the remainder when z is divided by 29.
22
Suppose -240 = -177*w + 165*w. Suppose -4*u = -5*u + 6. Calculate the remainder when w is divided by u.
2
Let x(v) = 54*v. Suppose 17*g = -4*k + 12*g + 31, 0 = -5*k - 4*g + 50. Calculate the remainder when x(1) is divided by k.
12
Let g = 8 + 41. What is the remainder when g is divided by 18?
13
Let v = 82 - 57. Let o(s) = 3*s**2 - 33*s + 132. Calculate the remainder when o(4) is divided by v.
23
Let u(q) = -2*q - 1. Let n be u(-1). Let t be 3 + -1 + 3 + n. Suppose 3*f + f + p - 318 = 0, -3*p = -t. What is the remainder when f is divided by 16?
15
Let t = 2 - -19. Calculate the remainder when 609/9 + 1/3 is divided by t.
5
Suppose 4*y = 3*f - 84, -f + 3*y = 2*y - 29. Let a = -255 + 379. What is the remainder when a is divided by f?
28
Let u(s) be the first derivative of s**3/6 + 45*s**2/2 - s + 2. Let i(b) be the first derivative of u(b). What is the remainder when i(0) is divided by 24?
21
Suppose -t + 3*t + 2 = 0. Let h(d) = 2*d**2 + d + 8. Let j(n) = -n**2 - 1. Let x(k) = t*h(k) - 6*j(k). Calculate the remainder when 7 is divided by x(-1).
1
What is the remainder when (2/10)/((-5)/10750*-10) is divided by 26?
17
Let c = -3948 - -3975. Calculate the remainder when c is divided by (1/(-3))/((-3)/99).
5
Suppose -4*u + 0*u = -16. Suppose 0*f + u = 2*f. Calculate the remainder when (-64)/(-10) - 24/60 is divided by f.
0
Calculate the remainder when 313 is divided by 189/6*(12 + -10).
61
Suppose 41*s - 5659 - 614 = 0. Calculate the remainder when s is divided by 42.
27
Let s(d) = d**3 + 2*d**2 - 2*d + 101. What is the remainder when s(0) is divided by 22?
13
Suppose -74 = 8*h - 2. What is the remainder when 3/(0 + (-3)/(-39)) is divided by (-3)/3 - (h - 2)?
9
Let b = 56 + -51. Suppose b*w - 31 - 8 = -4*k, -5*w - 5 = 0. What is the remainder when -1 - (-44 + (-1)/(-1)) is divided by k?
9
Let i = -9 + 17. Let t be (-9)/((-126)/4) + (-96)/(-7). Let d = -9 + t. What is the remainder when i is divided by d?
3
Suppose 5*q + 207 = 4*m, -3*m = -3*q - 57 - 102. Let k(s) = -4*s - 1. What is the remainder when m is divided by k(-4)?
13
Let l be -2 + 28 - (1 - 4). Suppose -51 = -8*t + l. What is the remainder when 28 is divided by t?
8
Suppose 0 = -3*w + g + 272, 41 = 2*w - g - 142. What is the remainder when w is divided by (-7)/14*((-130)/1)/5?
11
Let n = 50 - 29. Let d be -10 + 7 + 55/(-1). Let p = d - -97. What is the remainder when p is divided by n?
18
Let p be (1/1)/(6/1068*2). Let y = p - 86. What is the remainder when 18 is divided by y?
0
Suppose 40*k - 15957 = 13*k. What is the remainder when k is divided by 46?
39
Let f(d) = 0 - 6 + 3 - 10 + 7*d + d**2. Suppose 17 = 3*v + 5*g, 2*v + 4*g - 14 = 2*g. Calculate the remainder when f(-10) is divided by v.
8
Suppose 0 = -c - 11 + 79. What is the remainder when 336 is divided by c?
64
Suppose -54 = v + v. Let h be (-1)/(4 + v/6). Suppose f - h = 14. What is the remainder when 31 is divided by f?
15
Suppose 47 = -7*y + 180. Let j be 730/6 + 4/(-6). Suppose 2*u = 29 + j. Calculate the remainder when u is divided by y.
18
Suppose 14 = m + 2*m - l, l = -4*m + 21. Let t be 148*-1 + (-6 - -12). Let x = t + 154. What is the remainder when x is divided by m?
2
Let s(x) = -x**3 - 18*x**2 - 17*x + 22. Let p be (68/(-6))/((-4)/(-6)). What is the remainder when 152 is divided by s(p)?
20
Let r(t) = -t**3 - 4*t**2 + 3*t - 8. Let c be r(-5). Let a be 3 - (-6 - (-6 + c)). Suppose 0 = -a*p + 68 + 92. Calculate the remainder when p is divided by 7.
4
Let l(c) = c**3 + 38. Suppose 0 = -2*u, 3*q = q + 3*u. What is the remainder when l(q) is divided by 21?
17
Suppose 0 = 4*a - 519 + 283. What is the remainder when 163 is divided by a?
45
Let w(h) = -2*h + 7. Suppose -2*k + 21 = u - 45, u - 69 = k. Suppose 0 = -2*q - 2*m + 144, -4*m = q - m - u. What is the remainder when q is divided by w(-9)?
24
Suppose 4*f = -3*n - 104, 3*f - 5*n + n = -53. Let r = f - -30. Suppose 2*g - 5*v + r = -7, -5*g - 4*v + 31 = 0. Calculate the remainder when g is divided by 1.
0
Let v(i) = 34*i + 4. Let r be v(2). Suppose 7*h + r = 11*h. Let k(c) = 5*c**2 - 4*c. What is the remainder when k(3) is divided by h?
15
Let z = -62 - -73. Suppose -107 = -12*l - z. Let i(j) = j**3 + 6*j**2 + 5*j + 6. What is the remainder when l is divided by i(-5)?
2
Let r = -16 - -20. Suppose r*f + 5*x - 11 = 0, 9 = 2*f - 2*x + x. What is the remainder when 5 is divided by f?
1
Suppose -5*v - 23 = -3*k + 45, -k = -2*v - 24. Let s = -11 + k. What is the remainder when 94 is divided by 2808/120 - (-3)/s?
22
Suppose 4*n - 189 - 391 = 0. What is the remainder when n is divided by 4?
1
Let s(q) be the first derivative of -q**4/4 + 25*q**3/3 - 23*q**2/2 - 18*q - 3. Calculate the remainder when 29 is divided by s(24).
5
Suppose 14 - 2 = 4*m. Calculate the remainder when 21 is divided by (0 - 1)*m + 15.
9
Let u = 50 - 51. Let w = u + 11. What is the remainder when 18 is divided by w?
8
Suppose 6*n - 127 - 953 = 0. Calculate the remainder when n is divided by 29.
6
Let f(t) = 3*t + 0 - 4 - 2. Suppose 3 = 2*j - j. What is the remainder when 4 is divided by f(j)?
1
Let x be 16 - (-6 + (3 - -1)). Let v = 53 - x. What is the remainder when v is divided by 13?
9
Let c(o) = 120*o - 124. What is the remainder when c(4) is divided by 21?
20
Let u = 229 + -393. Let n = u + 95. Let a = -15 - n. Calculate the remainder when a is divided by 11.
10
Let o(g) = g**3 + 26*g**2 - 55*g + 89. Calculate the remainder when o(-28) is divided by (4 + 1)*(-32)/(-10).
13
Suppose 2*f + w - 3208 = 0, -8*f + 5*f + 4*w = -4834. Calculate the remainder when f is divided by 46.
42
Suppose x - 2*x - 44 = -2*k, 0 = 4*k - 5*x - 100. Calculate the remainder when 698 is divided by k.
18
Suppose -528*p + 527*p + 179 = 0. Suppose 2*k + 4*g - 10 = -0*g, 3*k = 3*g + 51. What is the remainder when p is divided by k?
10
Let d(v) = v**2 - 6*v + 10. Let t be d(4). Suppose -11 = -t*l + 1. What is the remainder when 23 is divided by l?
5
Suppose -15 = -m + 64. Let w(y) = -5*y - 5*y + 4*y - 4. Calculate the remainder when m is divided by w(-4).
19
Suppose -196*t - 378 = -214*t. Calculate the remainder when t is divided by 11.
10
Let x = 14 - -29. Let q = 19 - 14. Suppose 82 - 2 = q*t. What is the remainder when x is divided by t?
11
Let t be (8 + 62/(-8))*(-184)/(-2). Let r be ((-16)/6)/((-4)/(-30)). Let d = r + t. What is the remainder when 3 is divided by d?
0
Let k(p) = 3*p**3 - 18*p**2 + 5*p - 3. Calculate the remainder when 72 is divided by k(6).
18
Let s(w) = w**3 - 5*w**2 - 11*w + 4. Let v be s(7). Suppose -236 = 23*t - v*t. What is the remainder when t is divided by 10?
8
Let h(n) = -3*n + 7. Let b be h(-4). Suppose 0 = b*i - 17*i - 6. What is the remain